516*(-1 - (-1 - z)). List the prime factors of x/(-48) + (-2)/8.
2
Suppose -4*i + 480 - 8 = 0. Let d = 178 - i. What are the prime factors of d?
2, 3, 5
Suppose 3*f = 2 + 4. Suppose 183 + 223 = f*v. List the prime factors of v.
7, 29
Suppose 65*t - 57*t = 2024. What are the prime factors of t?
11, 23
Suppose -l - 2 + 7 = 0. Suppose -2*n = 2*x - 98, -2*n - 77 = -4*n + l*x. List the prime factors of n.
2, 23
Let r = -143 - -200. Let x be (-95)/r*(-51)/1. Suppose -x - 115 = -4*n. What are the prime factors of n?
2, 5
Let h = 228 - 68. Let t = h + -87. What are the prime factors of t?
73
Let q(o) = -2*o. Let j = 11 - 18. Let z be q(j). Suppose i - z = -i. What are the prime factors of i?
7
Suppose 0 = -f + 5*z + 912, 2*f - 1031 = -4*z + 793. List the prime factors of f.
2, 3, 19
Suppose 0 = -4*g + 5*v + 5937, -g + 1213 + 265 = 5*v. List the prime factors of g.
1483
Let d be (-3)/(0 - (-3)/(-2)). Let t(l) = d*l**3 - 3 + 0*l**3 + 5*l - 6*l**2 - 5*l**3 + 2*l**3. List the prime factors of t(-7).
11
Suppose 3*t = 2*j + 3, -2*t - 3*j = -2*j - 2. Suppose 0 = -3*b - 2*y + 557, 0 = y - 0*y - t. List the prime factors of b.
5, 37
Suppose 0 = 3*g - 1679 + 377. What are the prime factors of g?
2, 7, 31
What are the prime factors of (0 - -219)*(140/(-6))/(-7)?
2, 5, 73
Let u(d) = -d - 2. Let x be u(-4). Let r(v) = -x - 13*v + 2 - 3. List the prime factors of r(-2).
23
Suppose 43*a - 44*a = 0. List the prime factors of a + (1 - 3) - -85.
83
Let r = 13 - 12. Let l be (-2 - (3 - 25)) + r. Let j = -10 + l. List the prime factors of j.
11
Let l(i) = 11*i + 45. Let c(p) = 5*p + 23. Let k(t) = 5*c(t) - 2*l(t). Let f be k(0). Suppose -f = -4*m + 27. What are the prime factors of m?
13
Let x(j) = -j**3 - 21*j**2 - 29*j + 14. Let o be x(-22). Suppose 5*z - o = -391. List the prime factors of z.
149
Suppose -15 = 4*v + 5*h, -3*h + 25 = -4*v + 2*h. Let w(t) = 2*t**2 + t - 8. List the prime factors of w(v).
37
Let q = 3653 - -816. What are the prime factors of q?
41, 109
Suppose 0 = 4*v - 7 - 5. List the prime factors of ((-3)/2)/v*-10.
5
Let b(h) = -6*h**3 - 20*h**2 + 14*h - 13. What are the prime factors of b(-7)?
967
Suppose -m + 152 = 37. Let u = m + -53. Suppose -5*n + 60 = -3*y - u, -y = -n + 24. What are the prime factors of n?
5
Suppose 35 + 55 = o. Suppose b = l - 0*l - 28, o = 3*l - b. What are the prime factors of l?
31
Let g be 6/(-10) + (-108)/(-30). Suppose 2*j + g*r - 26 - 2 = 0, -j - 5*r = -7. List the prime factors of j.
17
Let k = -2 - -42. What are the prime factors of (-4 + k + -4)*4?
2
Let g(u) = -u**2 - 4*u + 3. Let h be g(-4). Let s be (-9)/15 + h/5. Suppose -k + s*k = -6. What are the prime factors of k?
2, 3
Suppose 0 = -10*j + 6844 + 576. List the prime factors of j.
2, 7, 53
Let x(m) = 21*m**2 + 4*m + 8. Let k be x(9). Suppose 2119 + k = -6*f. List the prime factors of f/(-20) + 1/(-5).
2
Let x = -603 + 160. Let t = -187 - x. List the prime factors of t.
2
Let r(z) = z**2 + 19*z - 179. List the prime factors of r(42).
2383
What are the prime factors of (405/75)/((-2)/(-140))?
2, 3, 7
Suppose 5*w - 5*u - 983 = 102, -5*w - u = -1061. Let c = 338 - w. What are the prime factors of c?
5
Suppose a = -a + 5*j + 10, -3*j - 6 = a. Suppose 3*i = -9, a = 5*k + 3*i - 452 - 284. What are the prime factors of k?
149
Let u be -4 + 7/(7/9). Suppose 0 = -3*m - u*m + 2048. List the prime factors of m.
2
Let z(q) = 13*q**3 - 23*q**2 - 10*q + 5. What are the prime factors of z(5)?
3, 5, 67
What are the prime factors of (-1)/7*-7*375?
3, 5
Let a(o) = -o**3 - 6*o**2 - 5*o - 5. Let p be a(-5). Let b(y) = y**3 + 8*y**2 + 6*y + 5. List the prime factors of b(p).
2, 5
Let i(u) = u**3 + 10*u**2 - u - 6. Suppose c + 7 = -3. Let x be i(c). Suppose -146 = -3*m - 5*s, 2*m - 39 = x*s + 51. List the prime factors of m.
47
Let s = 25 - 23. Let q(d) = d**s + 2 - 13*d + 8*d - 4*d. What are the prime factors of q(13)?
2, 3
Let w = -65 - -130. Let s = -35 + w. Let u = -14 + s. What are the prime factors of u?
2
Let m be 4/10 + 12133/55. Let r be ((-4)/6)/((-4)/186). Suppose 5*j = -r + m. List the prime factors of j.
2, 19
Let n(c) be the first derivative of c**2 - 6*c - 2. Let v be n(5). Suppose 7*p - 32 + v = 0. List the prime factors of p.
2
Suppose 2*q = d + 261, d - 108 = -q - 3*d. List the prime factors of q.
2
Let n be (-3 - -3)*(-3)/(-6). Suppose n = c - 5 - 20. Suppose -p = a - c, 2*p - a - 65 = 2*a. List the prime factors of p.
2, 7
Let p(b) be the second derivative of b**5/10 + b**3/3 - 3*b**2 + 13*b. List the prime factors of p(2).
2, 7
Suppose -20*i + 24412 = -17408. List the prime factors of i.
3, 17, 41
Suppose -k + 15 - 18 = 0. What are the prime factors of (-300)/k - 3*(-3)/9?
101
Suppose 0 = -106*y + 91*y + 34770. List the prime factors of y.
2, 19, 61
Suppose -36 = 4*a - 3*k, 0*a + a + 22 = 4*k. Let b = 9 + a. Let f = b - 0. List the prime factors of f.
3
Let q(i) = -5*i**2 + 17*i - 27. Let j(t) = -14*t**2 + 50*t - 80. Let k(m) = 6*j(m) - 17*q(m). What are the prime factors of k(5)?
59
Let m(p) = -7*p - 28. Let b be m(-10). Suppose -b*x + 37*x = -10. What are the prime factors of x?
2
Let p(s) = 4*s**3 - 27*s**2 + 179*s - 23. List the prime factors of p(12).
19, 271
Suppose -24*a + 29755 = 5155. List the prime factors of a.
5, 41
Let x be (-1)/((-2)/(-13) + 71/(-377)). List the prime factors of x + -27 - (1 + -42).
43
Let q(i) = 21*i + 12. Let t(h) = -1 + 4*h + 5*h - 5*h - 5*h. Let b(y) = -q(y) - 9*t(y). List the prime factors of b(-5).
3, 19
Suppose -15*m - 6 = -17*m. Suppose -o = 5*v - 344, -m*o + 678 = -5*v - 254. What are the prime factors of o?
11, 29
Suppose 6 - 4 = v. Suppose -412 = -4*b + v*w, w - 149 = -2*b + 49. Let x = b - 53. What are the prime factors of x?
2, 3
Suppose -3*d - 288 = -7*d. Suppose -j + 0*v = 5*v - 45, j - 4*v - d = 0. List the prime factors of j.
2, 3, 5
Suppose 3*p = 8*p - 20, -88 = -4*t - 3*p. Suppose -21*m + t*m = -68. List the prime factors of m.
2, 17
Let c be (-3)/((-1)/(228/9)). Let g = c - 45. What are the prime factors of g?
31
Let u(t) = 2*t - 2. Let j be u(1). Suppose j = r - 1 - 7. Suppose -232 = -6*d + r. List the prime factors of d.
2, 5
Let u be (-9996)/30 + 1/5. Let k(r) = 5*r + 7. Let s be k(-2). List the prime factors of (u/s)/3 - -3.
2, 5
Suppose -6*k - 23*k = -64902. List the prime factors of k.
2, 3, 373
Let d(l) = -35*l + 33*l + 161*l**2 - 34*l**2. What are the prime factors of d(-1)?
3, 43
Let c(o) = -o + 2. Let b be c(-2). Suppose -3*z + 234 = b*p, 5*z - p - 398 = -5*p. List the prime factors of z.
2, 41
Let v(z) = 3*z**2 + 4*z**2 + 7 - 6*z**2 + 0 + 6*z. What are the prime factors of v(6)?
79
Let b(x) = -x**3 - 11*x**2 - 12*x - 12. Let d(f) = -f**3 - 10*f**2 - 13. Let p be d(-10). Let r be p - (-6 + 2 - -1). List the prime factors of b(r).
2
Let t(k) = -k**2 - 5*k - 12. Let m be t(-6). What are the prime factors of -2 - -3 - m - -2?
3, 7
Let t be (3 + -3)/(-2)*1. Suppose -5*y = -5, t*s + s + 5*y - 127 = 0. List the prime factors of s.
2, 61
Suppose -3*l - 5 = -2*z, 1 = -4*z + z - 4*l. Let r = z + 8. Suppose 4*x + r - 41 = 0. What are the prime factors of x?
2
List the prime factors of 5/1 + (-15 - -1563).
1553
Suppose 0 = -58*z - 912 + 5436. List the prime factors of z.
2, 3, 13
Suppose 3*m - w = 0, 4*m + 2*w - 3*w = -1. List the prime factors of m*(2 + -4)*4.
2
Suppose -56*q + 6414 = -50*q. List the prime factors of q.
1069
Let f = -17 - -17. Suppose -u + 3*u - 134 = f. What are the prime factors of u?
67
Let r = 5823 - 2270. List the prime factors of r.
11, 17, 19
Let c = 19 - 17. Let o = -2 + c. Suppose 5*z + o*s + 4*s = 203, 0 = 3*z - 4*s - 141. What are the prime factors of z?
43
Let x be (-3)/(-3) + (9/3)/3. What are the prime factors of 423/6 - x/(-4)?
71
Let w(h) = 86*h**2 - 6. What are the prime factors of w(-4)?
2, 5, 137
Let c = 3 + 3. Let k(i) = 3*i - 7 + c - 2*i**3 + i**3 - 5*i**2. What are the prime factors of k(-6)?
17
Suppose 825 = -17*p + 7319. What are the prime factors of p?
2, 191
Let g = 208 + -71. List the prime factors of g.
137
Suppose -2*a + o + 12 + 42 = 0, 0 = -o - 2. Suppose -2*c + a + 6 = -5*i, 3*i - 90 = -4*c. List the prime factors of (28/c)/(2/48).
2
Let f be (-18)/(-14) - 16/56. Let s be (-14 - 13) + (1 - f). List the prime factors of s/42*4*-21.
2, 3
Suppose -3*r - 4*i + 10 